{"id":102,"date":"2013-01-23T20:14:06","date_gmt":"2013-01-23T20:14:06","guid":{"rendered":"http:\/\/www.rk-nikolatesla.hr\/?page_id=102"},"modified":"2014-06-26T07:39:41","modified_gmt":"2014-06-26T05:39:41","slug":"arg-sprint-bjelovar-2012-izvjestaj-i-rezultati","status":"publish","type":"page","link":"http:\/\/www.rk-nikolatesla.hr\/?page_id=102","title":{"rendered":"ARG SPRINT Bjelovar 2012 &#8211; Izvje\u0161taj i rezultati"},"content":{"rendered":"<p style=\"text-align: justify;\">U sklopu Sajma vje\u0161tine i tehnike, koji je organizirala Zajednica tehni\u010dke kulture grada\u00a0Bjelovara, 16. prosinca 2012. godine Radio klub \u201eNikola Tesla\u201c Bjelovar je u\u00a0\u0161irem centru grada organizirao ARG natjecanje u disciplini sprint.<\/p>\n<p style=\"text-align: justify;\">Premda je\u00a0uobi\u010dajeno da se amaterska radiogoniometrija provodi u prirodi, ovo je bila prilika da\u00a0se na\u0161a aktivnost poka\u017ee i \u0161iroj publici. \u00a0Okupljanje natjecatelja po\u010delo je u 9 sati kod Paviljona u gradskom parku gdje su\u00a0obavljene prijave, izvla\u010denje startnih brojeva i testiranje radio prijamnika. Start je bio\u00a0odgo\u0111en na 15 minuta zbog izvanredno nastale situacije: jedan od postavljenih\u00a0ure\u0111aja prestao je emitirati zbog otu\u0111enja kompleta (oda\u0161ilja\u010d, akumulator, antena i\u00a0kabel). Osim \u0161to je nastala komplikacija za postavlja\u010de, ujedno je i RK Nikola Tesla\u00a0pretrpio materijalnu \u0161tetu od oko 1.500 kn. O ovom doga\u0111aju obavije\u0161tena je PP\u00a0Bjelovar, koja je poslala svoja dva slu\u017ebenika na o\u010devid i na obavljanje obavijesnih\u00a0razgovora.<br \/>\nStartalo je 15 natjecatelja iz 4 hrvatska radio kluba (RK \u201eNikola Tesla\u201c Bjelovar, RK\u00a0\u201eKa\u0161tilac\u201c Ka\u0161tel Gomilica, Klub radio-orijentacije \u201eAntena\u201c ZTK Kri\u017eevci i KMT\u00a0Dubrava &#8211; Zagreb) u tri razli\u010dite kategorije. Mla\u0111ih od 28 godina bilo je 12 sudionika,\u00a0\u0161to dokazuje ujedno i rad RK \u201eNikola Tesla\u201c s mladima i poticanje na zdrav \u017eivot.<br \/>\nInicijativa RK \u201eNikola Tesla\u201c dobro je prihva\u0107ena, osobito je simpati\u010dna bila obveza\u00a0odijevanja nekog Bo\u017ei\u0107nog simbola. Komentari nakon natjecanja su bili vrlo pozitivni,\u00a0osim primjedaba na refleksije signala i nejednoliku \u010dujnost oda\u0161ilja\u010da, \u0161to je u\u00a0gradskim uvjetima i po maglovitom vremenu bilo i za o\u010dekivati.<br \/>\nOsim otu\u0111enog oda\u0161ilja\u010da, drugih problema nije bilo te je natjecanje pro\u0161lo u\u00a0najboljem redu, a ostvareni su sljede\u0107i rezultati:<br \/>\n<strong>Kategoriji A (do 19 godina)<\/strong><br \/>\n1. Stjepan Dokladal RK Nikola Tesla Bjelovar 25,15 TX 9<br \/>\n2. Marin Piska\u010d \u201eAntena\u201c ZTK Kri\u017eevci 44,22 TX 9<br \/>\n<strong>Kategorija B (od 19 do 55 godina)<\/strong><br \/>\n1. Mario Lukave\u010dki RK Nikola Tesla Bjelovar 38,26 TX 11<br \/>\n2. Dominik Sopi\u0107 \u201eAntena\u201c ZTK Kri\u017eevci 39,53 TX 11<br \/>\n3. Luka An\u0111eli\u0107 \u201eAntena\u201c ZTK Kri\u017eevci 40,32 TX 11<br \/>\n4. Stipe Predani\u0107 KMT Dubrava 48,31 TX 11<br \/>\n5. Toni \u017dabja\u010dan RK Nikola Tesla Bjelovar 53,07 TX 11<br \/>\n6. Alida Sokolovi\u0107 RK Nikola Tesla Bjelovar 54,44 TX 11<br \/>\n7. Dino \u010caljku\u0161i\u0107 RK Ka\u0161tilac 51,31 TX 10<br \/>\n8. Radoslav Milin RK Ka\u0161tilac 56,33 TX 9<br \/>\n9. Ante Bogdan RK Ka\u0161tilac 53,29 TX 8<br \/>\n10. Duje Be\u0161i\u0107 RK Ka\u0161tilac disq<br \/>\n11. Petar Vukman RK Ka\u0161tilac disq<br \/>\nKategorija C (od 55 godina)<br \/>\n1. Branko Vidovi\u0107 RK Nikola Tesla Bjelovar 47,17 TX 8<br \/>\n2. \u017deljko Belaj RK Nikola Tesla Bjelovar 31,09 TX 7 \u00a0 \u00a0 \u00a0 \u00a0 \u00a0 \u00a0 \u00a0 \u00a0Organizatori i postavlja\u010di su bili \u017deljka Krupka i Tihomir Despetovi\u0107.<\/p>\n<p style=\"text-align: justify;\"><a href=\"http:\/\/www.rk-nikolatesla.hr\/wp-content\/uploads\/2013\/01\/arg_sprint_bj_m.jpg\"><img decoding=\"async\" loading=\"lazy\" class=\"alignnone size-full wp-image-219\" src=\"http:\/\/www.rk-nikolatesla.hr\/wp-content\/uploads\/2013\/01\/arg_sprint_bj_m.jpg\" alt=\"arg_sprint_bj_m\" width=\"150\" height=\"103\" \/><\/a><\/p>\n<p>U prvom redu: \u017deljka Krupka, Marin Piska\u010d, Mario Lukave\u010dki, Branko Kosar.\u00a0U drugom redu: Dino \u010caljku\u0161i\u0107, Ante Bogdan, Dominik Sopi\u0107, Stjepan Dokladal, Branko\u00a0Vidovi\u0107, Alida Sokolovi\u0107,\u00a0U tre\u0107em redu: Tihomir Despetovi\u0107, Stipe Predani\u0107, Toni \u017dabja\u010dan, \u017deljko Belaj, Petar<br \/>\nVukman, Radoslav Milin, Duje Be\u0161i\u0107,<\/p>\n<p>Izvje\u0161taj sastavila:<br \/>\n\u017deljka Krupka<\/p>\n","protected":false},"excerpt":{"rendered":"<p>U sklopu Sajma vje\u0161tine i tehnike, koji je organizirala Zajednica tehni\u010dke kulture grada\u00a0Bjelovara, 16. prosinca 2012. godine Radio klub \u201eNikola Tesla\u201c Bjelovar je u\u00a0\u0161irem centru grada organizirao ARG natjecanje u disciplini sprint. Premda je\u00a0uobi\u010dajeno da se amaterska radiogoniometrija provodi u prirodi, ovo je bila prilika da\u00a0se na\u0161a aktivnost poka\u017ee i \u0161iroj publici. \u00a0Okupljanje natjecatelja po\u010delo &hellip; <a href=\"http:\/\/www.rk-nikolatesla.hr\/?page_id=102\" class=\"more-link\">Nastavi \u010ditati <span class=\"screen-reader-text\">ARG SPRINT Bjelovar 2012 &#8211; Izvje\u0161taj i rezultati<\/span> <span class=\"meta-nav\">&rarr;<\/span><\/a><\/p>\n","protected":false},"author":1,"featured_media":0,"parent":43,"menu_order":0,"comment_status":"open","ping_status":"open","template":"","meta":[],"_links":{"self":[{"href":"http:\/\/www.rk-nikolatesla.hr\/index.php?rest_route=\/wp\/v2\/pages\/102"}],"collection":[{"href":"http:\/\/www.rk-nikolatesla.hr\/index.php?rest_route=\/wp\/v2\/pages"}],"about":[{"href":"http:\/\/www.rk-nikolatesla.hr\/index.php?rest_route=\/wp\/v2\/types\/page"}],"author":[{"embeddable":true,"href":"http:\/\/www.rk-nikolatesla.hr\/index.php?rest_route=\/wp\/v2\/users\/1"}],"replies":[{"embeddable":true,"href":"http:\/\/www.rk-nikolatesla.hr\/index.php?rest_route=%2Fwp%2Fv2%2Fcomments&post=102"}],"version-history":[{"count":3,"href":"http:\/\/www.rk-nikolatesla.hr\/index.php?rest_route=\/wp\/v2\/pages\/102\/revisions"}],"predecessor-version":[{"id":220,"href":"http:\/\/www.rk-nikolatesla.hr\/index.php?rest_route=\/wp\/v2\/pages\/102\/revisions\/220"}],"up":[{"embeddable":true,"href":"http:\/\/www.rk-nikolatesla.hr\/index.php?rest_route=\/wp\/v2\/pages\/43"}],"wp:attachment":[{"href":"http:\/\/www.rk-nikolatesla.hr\/index.php?rest_route=%2Fwp%2Fv2%2Fmedia&parent=102"}],"curies":[{"name":"wp","href":"https:\/\/api.w.org\/{rel}","templated":true}]}}