{"id":104,"date":"2012-12-08T20:23:58","date_gmt":"2012-12-08T20:23:58","guid":{"rendered":"http:\/\/www.rk-nikolatesla.hr\/?page_id=104"},"modified":"2014-06-04T20:32:16","modified_gmt":"2014-06-04T20:32:16","slug":"bilogorski-arg-festival-2012","status":"publish","type":"page","link":"http:\/\/www.rk-nikolatesla.hr\/?page_id=104","title":{"rendered":"Bilogorski ARG festival 2012"},"content":{"rendered":"<p><img decoding=\"async\" loading=\"lazy\" class=\"alignleft  wp-image-108\" src=\"http:\/\/localhost\/wpss391\/wp-content\/uploads\/2014\/05\/ardf2012.jpg\" alt=\"ardf2012\" width=\"100\" height=\"71\" \/><\/p>\n<p style=\"text-align: justify;\">Dana 16.12.2012. godine (nedjelja), u 09:00 sati, ARG sekcija Radio kluba &#8220;Nikola Tesla&#8221; vas poziva da prisustvujete &#8220;Danima tehnike Zajednice tehni\u010dke kulture grada Bjelovara&#8221;, u sklopu kojih \u0107e se odr\u017eati natjecanje ARG SPRINT.<br \/>\nObjavio\u00a09A9Y<\/p>\n","protected":false},"excerpt":{"rendered":"<p>Dana 16.12.2012. godine (nedjelja), u 09:00 sati, ARG sekcija Radio kluba &#8220;Nikola Tesla&#8221; vas poziva da prisustvujete &#8220;Danima tehnike Zajednice tehni\u010dke kulture grada Bjelovara&#8221;, u sklopu kojih \u0107e se odr\u017eati natjecanje ARG SPRINT. Objavio\u00a09A9Y<\/p>\n","protected":false},"author":1,"featured_media":0,"parent":43,"menu_order":0,"comment_status":"open","ping_status":"open","template":"page-templates\/full-width.php","meta":[],"_links":{"self":[{"href":"http:\/\/www.rk-nikolatesla.hr\/index.php?rest_route=\/wp\/v2\/pages\/104"}],"collection":[{"href":"http:\/\/www.rk-nikolatesla.hr\/index.php?rest_route=\/wp\/v2\/pages"}],"about":[{"href":"http:\/\/www.rk-nikolatesla.hr\/index.php?rest_route=\/wp\/v2\/types\/page"}],"author":[{"embeddable":true,"href":"http:\/\/www.rk-nikolatesla.hr\/index.php?rest_route=\/wp\/v2\/users\/1"}],"replies":[{"embeddable":true,"href":"http:\/\/www.rk-nikolatesla.hr\/index.php?rest_route=%2Fwp%2Fv2%2Fcomments&post=104"}],"version-history":[{"count":1,"href":"http:\/\/www.rk-nikolatesla.hr\/index.php?rest_route=\/wp\/v2\/pages\/104\/revisions"}],"predecessor-version":[{"id":105,"href":"http:\/\/www.rk-nikolatesla.hr\/index.php?rest_route=\/wp\/v2\/pages\/104\/revisions\/105"}],"up":[{"embeddable":true,"href":"http:\/\/www.rk-nikolatesla.hr\/index.php?rest_route=\/wp\/v2\/pages\/43"}],"wp:attachment":[{"href":"http:\/\/www.rk-nikolatesla.hr\/index.php?rest_route=%2Fwp%2Fv2%2Fmedia&parent=104"}],"curies":[{"name":"wp","href":"https:\/\/api.w.org\/{rel}","templated":true}]}}