{"id":234,"date":"2009-05-10T07:01:30","date_gmt":"2009-05-10T05:01:30","guid":{"rendered":"http:\/\/www.rk-nikolatesla.hr\/?page_id=234"},"modified":"2014-08-15T06:27:42","modified_gmt":"2014-08-15T04:27:42","slug":"pihrab-1-prvi-hrvatski-radioamaterski-balon-najava","status":"publish","type":"page","link":"http:\/\/www.rk-nikolatesla.hr\/?page_id=234","title":{"rendered":"PiHRAB-1 PRVI HRVATSKI RADIOAMATERSKI BALON NAJAVA"},"content":{"rendered":"<p style=\"text-align: justify;\"><a href=\"http:\/\/www.rk-nikolatesla.hr\/wp-content\/uploads\/2014\/06\/PIHRAB-1.gif\"><img decoding=\"async\" loading=\"lazy\" class=\"alignnone size-full wp-image-231\" src=\"http:\/\/www.rk-nikolatesla.hr\/wp-content\/uploads\/2014\/06\/PIHRAB-1.gif\" alt=\"PIHRAB 1\" width=\"177\" height=\"177\" \/><\/a><\/p>\n<p style=\"text-align: justify;\">Dana <strong>13.06.2009. godine, u 09.30 sati<\/strong> po lokalnom vremenu, sa Zra\u010dnog pristani\u0161ta Brezovac, \u010dlanovi Radio kluba \u201eNikola Tesla\u201c iz Bjelovara, po prvi put u Hrvatskoj, pustiti \u0107e slobodno lete\u0107i radioamaterski balon punjen helijem, <strong>PiHRAB-1.<\/strong><\/p>\n<p style=\"text-align: justify;\">Komentari:<\/p>\n<div class=\"tbl2\"><span class=\"comment-name\"><a href=\"http:\/\/www.rk-nikolatesla.hr\/profile.php?lookup=29\">9a3hp<\/a><\/span> <span class=\"small\">u 13.06.2009 14:06<\/span><\/div>\n<div class=\"tbl1 comment_message\" style=\"text-align: justify;\">Pratio sam signal na 145,200 MHz<br \/>\nPrijemnik FT-290r (koristim ga kao bazni ure\u0111aj za transvertere pa je malko friziran prijemnik i jo\u0161 pone\u0161to)<br \/>\nAntena 5\/8 lambda na visini 5\/8 lambda od tla.<br \/>\nSignal PiHRAB-1 je bio mjerljiv od nakon pu\u0161tanja i postizanja minimum visine, do faze spu\u0161tanja nakon prsnu\u0107a balona. Ve\u0107im djelom sam mogao sa FM modom mjeriti signal koji nikada nije bio ispod 3 S jedinice, maksimum nepunih 9 S jedinica slu\u0161an u FM modu.<br \/>\nPrije pprizemljenja prebacio sam stanicu na CW mod , jer je osjetljivost prijemnika bolja. Ali nakon faze spu\u0161tanja jako je padao signal i potpuno mi se izgubio u 20 sekundi.<br \/>\nNa\u017ealost nisam mogao pratiti digitalne pakete jer nemam tu opremu, a zanimljivo bolji sam prijem imao RA balona nego kolege u E7 sa ozbiljnim antenama.<br \/>\nSignal smetnje potvr\u0111eno je od vi\u0161e 9A radioamatera, i sigurno je bio sa podru\u010dja 9A , i pored mojeg upornog zamoljavanja amatera u podru\u010dju preleta da danas obrate pa\u017enju na prijem i niti slu\u010dajno ne emitiraju na 145,200 MHz , ipak je bilo ometanja. Kolege iz E7 nisu imali smetaju\u0107i signal pa se nadam dobrom rezultatu pra\u0107enja digitalnog signala.Ja sam na samoj granici sa E7 , lokator mi je JN85KG Jasenovac.<br \/>\n\u010cestitka za prvi RA balon.<br \/>\nP.S. Frekvenciju i slijede\u0107i put treba javno objaviti, ali imam nekoliko prijedloga. Osim kao sada predajnika za telemetriju, dodati obavezno homing beacon koji bi se aktivirao nakon po\u010detka faze spu\u0161tanja. Naravno mo\u017eda na drugoj frekvenciji. Signal homing beacona je lak\u0161e pratiti nego digitatlni signal i emitirao bi stalno ili u on-off carrier modu. Naravno to je samo moja ideja. Nemora biti dobra.<br \/>\n73 de 9a3hp Zoran<\/div>\n<div class=\"tbl1 comment_message\"><\/div>\n<div class=\"tbl1 comment_message\">\n<div class=\"tbl2\"><span class=\"comment-name\"><a href=\"http:\/\/www.rk-nikolatesla.hr\/profile.php?lookup=1\">9A9Y<\/a><\/span> <span class=\"small\">u 13.06.2009 18:18<\/span><\/div>\n<div class=\"tbl1 comment_message\" style=\"text-align: justify;\">Zorane, zahvaljujem se na iscrpnom raportu u ime cijele ekipe.<br \/>\nDa, smetnje su ra\u0111ene namjerno, 100% iz 9A.<br \/>\nKoliko sam obavije\u0161ten, kolege iz E7 su zbilja ozbiljno shvatile sudjelovanje i nisu imali kao mi namjerno ometanje.<br \/>\nJo\u0161 jednom hvala. Staviti \u0107u izvje\u0161\u0107e uskoro na stranicu o samom letu dok obradim sve podatke.<\/div>\n<\/div>\n","protected":false},"excerpt":{"rendered":"<p>Dana 13.06.2009. godine, u 09.30 sati po lokalnom vremenu, sa Zra\u010dnog pristani\u0161ta Brezovac, \u010dlanovi Radio kluba \u201eNikola Tesla\u201c iz Bjelovara, po prvi put u Hrvatskoj, pustiti \u0107e slobodno lete\u0107i radioamaterski balon punjen helijem, PiHRAB-1. Komentari: 9a3hp u 13.06.2009 14:06 Pratio sam signal na 145,200 MHz Prijemnik FT-290r (koristim ga kao bazni ure\u0111aj za transvertere pa &hellip; <a href=\"http:\/\/www.rk-nikolatesla.hr\/?page_id=234\" class=\"more-link\">Nastavi \u010ditati <span class=\"screen-reader-text\">PiHRAB-1 PRVI HRVATSKI RADIOAMATERSKI BALON NAJAVA<\/span> <span class=\"meta-nav\">&rarr;<\/span><\/a><\/p>\n","protected":false},"author":1,"featured_media":0,"parent":301,"menu_order":0,"comment_status":"open","ping_status":"open","template":"","meta":[],"_links":{"self":[{"href":"http:\/\/www.rk-nikolatesla.hr\/index.php?rest_route=\/wp\/v2\/pages\/234"}],"collection":[{"href":"http:\/\/www.rk-nikolatesla.hr\/index.php?rest_route=\/wp\/v2\/pages"}],"about":[{"href":"http:\/\/www.rk-nikolatesla.hr\/index.php?rest_route=\/wp\/v2\/types\/page"}],"author":[{"embeddable":true,"href":"http:\/\/www.rk-nikolatesla.hr\/index.php?rest_route=\/wp\/v2\/users\/1"}],"replies":[{"embeddable":true,"href":"http:\/\/www.rk-nikolatesla.hr\/index.php?rest_route=%2Fwp%2Fv2%2Fcomments&post=234"}],"version-history":[{"count":6,"href":"http:\/\/www.rk-nikolatesla.hr\/index.php?rest_route=\/wp\/v2\/pages\/234\/revisions"}],"predecessor-version":[{"id":305,"href":"http:\/\/www.rk-nikolatesla.hr\/index.php?rest_route=\/wp\/v2\/pages\/234\/revisions\/305"}],"up":[{"embeddable":true,"href":"http:\/\/www.rk-nikolatesla.hr\/index.php?rest_route=\/wp\/v2\/pages\/301"}],"wp:attachment":[{"href":"http:\/\/www.rk-nikolatesla.hr\/index.php?rest_route=%2Fwp%2Fv2%2Fmedia&parent=234"}],"curies":[{"name":"wp","href":"https:\/\/api.w.org\/{rel}","templated":true}]}}