{"id":274,"date":"2009-04-21T13:48:01","date_gmt":"2009-04-21T11:48:01","guid":{"rendered":"http:\/\/www.rk-nikolatesla.hr\/?page_id=274"},"modified":"2014-06-25T13:57:22","modified_gmt":"2014-06-25T11:57:22","slug":"radioamaterski-susreti-kraljevica-2009","status":"publish","type":"page","link":"http:\/\/www.rk-nikolatesla.hr\/?page_id=274","title":{"rendered":"Radioamaterski susreti Kraljevica 2009."},"content":{"rendered":"<p style=\"text-align: justify;\"><a href=\"http:\/\/www.rk-nikolatesla.hr\/wp-content\/uploads\/2014\/06\/SUSRETI-KRALJEVICA-2009.jpg\"><img decoding=\"async\" loading=\"lazy\" class=\"alignnone size-full wp-image-275\" src=\"http:\/\/www.rk-nikolatesla.hr\/wp-content\/uploads\/2014\/06\/SUSRETI-KRALJEVICA-2009.jpg\" alt=\"SUSRETI KRALJEVICA 2009\" width=\"100\" height=\"67\" \/><\/a><\/p>\n<p style=\"text-align: justify;\">Dana 18.04.2009. godine odr\u017eali su se Radioamaterski susreti Kraljevica u Kraljevici. Taj dan se odr\u017eala tako\u0111er i Izborna skup\u0161tina HRS-a na kojoj su izabrana nova tijela upravljanja i nadzora za razdoblje 2009-2013. godine.<br \/>\nDelegati koji su zastupali Radio klub &#8220;Nikola Tesla&#8221; iz Bjelovara su bili u sastavu: Kre\u0161o, 9A5K, Brzi, 9A4TT, Leon, 9A9L, Igor, 9A3CNN i Mile, 9A9PP.<br \/>\nDelegati iz na\u0161eg radio kluba su tako\u0111er prisustvovali interesantnom predavanju o D-Star tehnologiji i APRS-u.<br \/>\nSusreti u Kraljevici su protekli u lijepom i ugodnom ozra\u010dju. Organizacija samog susreta je bila savr\u0161ena s \u010dim se sla\u017eu svi u\u010desnici.<br \/>\nU svoje ime posebno se zahvaljujem Branku na organizaciji svega u Kraljevici bitnog za na\u0161u grupu a Leonu na iznimno profesionalnoj vo\u017enji u povratku ku\u0107i.<br \/>\nSlike sa Radioamaterskih susreta Kraljevica mo\u017eete pogedati u galeriji.<\/p>\n<p style=\"text-align: justify;\">Objavio 9A9Y<\/p>\n","protected":false},"excerpt":{"rendered":"<p>Dana 18.04.2009. godine odr\u017eali su se Radioamaterski susreti Kraljevica u Kraljevici. Taj dan se odr\u017eala tako\u0111er i Izborna skup\u0161tina HRS-a na kojoj su izabrana nova tijela upravljanja i nadzora za razdoblje 2009-2013. godine. Delegati koji su zastupali Radio klub &#8220;Nikola Tesla&#8221; iz Bjelovara su bili u sastavu: Kre\u0161o, 9A5K, Brzi, 9A4TT, Leon, 9A9L, Igor, 9A3CNN &hellip; <a href=\"http:\/\/www.rk-nikolatesla.hr\/?page_id=274\" class=\"more-link\">Nastavi \u010ditati <span class=\"screen-reader-text\">Radioamaterski susreti Kraljevica 2009.<\/span> <span class=\"meta-nav\">&rarr;<\/span><\/a><\/p>\n","protected":false},"author":1,"featured_media":0,"parent":37,"menu_order":0,"comment_status":"open","ping_status":"open","template":"","meta":[],"_links":{"self":[{"href":"http:\/\/www.rk-nikolatesla.hr\/index.php?rest_route=\/wp\/v2\/pages\/274"}],"collection":[{"href":"http:\/\/www.rk-nikolatesla.hr\/index.php?rest_route=\/wp\/v2\/pages"}],"about":[{"href":"http:\/\/www.rk-nikolatesla.hr\/index.php?rest_route=\/wp\/v2\/types\/page"}],"author":[{"embeddable":true,"href":"http:\/\/www.rk-nikolatesla.hr\/index.php?rest_route=\/wp\/v2\/users\/1"}],"replies":[{"embeddable":true,"href":"http:\/\/www.rk-nikolatesla.hr\/index.php?rest_route=%2Fwp%2Fv2%2Fcomments&post=274"}],"version-history":[{"count":1,"href":"http:\/\/www.rk-nikolatesla.hr\/index.php?rest_route=\/wp\/v2\/pages\/274\/revisions"}],"predecessor-version":[{"id":276,"href":"http:\/\/www.rk-nikolatesla.hr\/index.php?rest_route=\/wp\/v2\/pages\/274\/revisions\/276"}],"up":[{"embeddable":true,"href":"http:\/\/www.rk-nikolatesla.hr\/index.php?rest_route=\/wp\/v2\/pages\/37"}],"wp:attachment":[{"href":"http:\/\/www.rk-nikolatesla.hr\/index.php?rest_route=%2Fwp%2Fv2%2Fmedia&parent=274"}],"curies":[{"name":"wp","href":"https:\/\/api.w.org\/{rel}","templated":true}]}}