{"id":7267,"date":"2026-01-27T17:46:51","date_gmt":"2026-01-27T15:46:51","guid":{"rendered":"http:\/\/www.rk-nikolatesla.hr\/?page_id=7267"},"modified":"2026-01-28T12:37:20","modified_gmt":"2026-01-28T10:37:20","slug":"produljenje-amaterske-dozvole","status":"publish","type":"page","link":"http:\/\/www.rk-nikolatesla.hr\/?page_id=7267","title":{"rendered":"Produljenje amaterske dozvole"},"content":{"rendered":"<p>Ukoliko vam je istekla amaterska dozvola, a nije pro\u0161lo vi\u0161e od 6 mjeseci od isteka, jednostavno ju je produljiti.<br \/>\nHakom je omogu\u0107io izdavanje dozvole preko interneta. Pripremite staru dozvolu u elektroni\u010dkom obliku (pdf).<\/p>\n<ul>\n<li>Otvorite web stranicu Hakoma: <a href=\"https:\/\/edozvole.hakom.hr\/eDozvole\/permits\/rsas\">https:\/\/edozvole.hakom.hr\/eDozvole\/permits\/rsas<\/a><\/li>\n<li>Ukoliko nemate ra\u010dun kod Hakoma, registrirajte se. Ukoliko imate ra\u010dun, prijavite se.<\/li>\n<li>Unesite OIB<\/li>\n<li>Unesite podatke ako nedostaju i u\u010ditajte staru dozvolu; Nastavite<\/li>\n<li>Odaberite zahtjev za produljenje<\/li>\n<li>Popunite podatke i nastavite<\/li>\n<li>Predajte zahtjev<\/li>\n<\/ul>\n","protected":false},"excerpt":{"rendered":"<p>Ukoliko vam je istekla amaterska dozvola, a nije pro\u0161lo vi\u0161e od 6 mjeseci od isteka, jednostavno ju je produljiti. Hakom je omogu\u0107io izdavanje dozvole preko interneta. Pripremite staru dozvolu u elektroni\u010dkom obliku (pdf). Otvorite web stranicu Hakoma: https:\/\/edozvole.hakom.hr\/eDozvole\/permits\/rsas Ukoliko nemate ra\u010dun kod Hakoma, registrirajte se. Ukoliko imate ra\u010dun, prijavite se. Unesite OIB Unesite podatke ako &hellip; <a href=\"http:\/\/www.rk-nikolatesla.hr\/?page_id=7267\" class=\"more-link\">Nastavi \u010ditati <span class=\"screen-reader-text\">Produljenje amaterske dozvole<\/span> <span class=\"meta-nav\">&rarr;<\/span><\/a><\/p>\n","protected":false},"author":1,"featured_media":0,"parent":8,"menu_order":2,"comment_status":"closed","ping_status":"closed","template":"","meta":[],"_links":{"self":[{"href":"http:\/\/www.rk-nikolatesla.hr\/index.php?rest_route=\/wp\/v2\/pages\/7267"}],"collection":[{"href":"http:\/\/www.rk-nikolatesla.hr\/index.php?rest_route=\/wp\/v2\/pages"}],"about":[{"href":"http:\/\/www.rk-nikolatesla.hr\/index.php?rest_route=\/wp\/v2\/types\/page"}],"author":[{"embeddable":true,"href":"http:\/\/www.rk-nikolatesla.hr\/index.php?rest_route=\/wp\/v2\/users\/1"}],"replies":[{"embeddable":true,"href":"http:\/\/www.rk-nikolatesla.hr\/index.php?rest_route=%2Fwp%2Fv2%2Fcomments&post=7267"}],"version-history":[{"count":1,"href":"http:\/\/www.rk-nikolatesla.hr\/index.php?rest_route=\/wp\/v2\/pages\/7267\/revisions"}],"predecessor-version":[{"id":7268,"href":"http:\/\/www.rk-nikolatesla.hr\/index.php?rest_route=\/wp\/v2\/pages\/7267\/revisions\/7268"}],"up":[{"embeddable":true,"href":"http:\/\/www.rk-nikolatesla.hr\/index.php?rest_route=\/wp\/v2\/pages\/8"}],"wp:attachment":[{"href":"http:\/\/www.rk-nikolatesla.hr\/index.php?rest_route=%2Fwp%2Fv2%2Fmedia&parent=7267"}],"curies":[{"name":"wp","href":"https:\/\/api.w.org\/{rel}","templated":true}]}}