{"id":7289,"date":"2026-01-28T12:11:25","date_gmt":"2026-01-28T10:11:25","guid":{"rendered":"http:\/\/www.rk-nikolatesla.hr\/?page_id=7289"},"modified":"2026-01-28T12:16:30","modified_gmt":"2026-01-28T10:16:30","slug":"amaterska-dozvola","status":"publish","type":"page","link":"http:\/\/www.rk-nikolatesla.hr\/?page_id=7289","title":{"rendered":"Amaterska dozvola"},"content":{"rendered":"<p>Hakom je omogu\u0107io izdavanje dozvole preko interneta.<\/p>\n<p>Pripremite<\/p>\n<ul>\n<li>potvrdu o prijedlogu pozivne oznake koju izdaje Hrvatski radioamaterski savez ili staru dozvolu ako ste ju imali.<\/li>\n<li>zemljopisne koordinate svoje postaje (ku\u0107e) u stupnjevima, minutama i sekundama<\/li>\n<li>nadmorsku visinu svoje postaje (ku\u0107e)<\/li>\n<li>podatke o ure\u0111ajima koje imate (proizvo\u0111a\u010d, tip, snaga, dobitak antenskog sustava, efektivna snaga.<\/li>\n<li>dobitak antenskog sustava koji se ra\u010duna kao izlazna snaga ure\u0111aja (naj\u010de\u0161\u0107e 100W)<br \/>\nminus<br \/>\ngubitak koaksijalnog kabela (ako koristite RG-213 na frekvenciji gdje radite na kojoj je najmanji gubitak na 3.5 MHz 1.3dB na 100m i imate 30 metara kabela onda je to gubitak od 0.3&#215;1.3=0.39dB)<br \/>\nplus<br \/>\nnajve\u0107e poja\u010danje antene (u odnosu na dipol. Ako imate dipol onda je 0 dB. Ako imate antenu gdje je izra\u017eeno poja\u010danje u dBi, onda oduzimate -2.15 dB)<br \/>\nPrimjer: Icom, IC-7300, 100W, -0.39dBd, 91.41W<br \/>\n(100W-0.39dB+0dB)<\/li>\n<\/ul>\n<p>Zatra\u017eite amatersku dovzvolu<\/p>\n<ul>\n<li>Otvorite web stranicu Hakoma: <a href=\"https:\/\/edozvole.hakom.hr\/eDozvole\/permits\/rsas\">https:\/\/edozvole.hakom.hr\/eDozvole\/permits\/rsas<\/a><\/li>\n<li>Ukoliko nemate ra\u010dun kod Hakoma, registrirajte se. Ukoliko imate ra\u010dun, prijavite se.<\/li>\n<li>Pod e-DOZVOLE odaberite Dozvola za uporabu rf spektra u amaterskoj slu\u017ebi<\/li>\n<li>Unesite OIB<\/li>\n<li>Popunite podatke,\u00a0 i Nastavi<\/li>\n<li>Odaberite zahtjev za izdavanje<\/li>\n<li>Popunite podatke i nastavite<\/li>\n<li>Popunite podatke i u\u010ditajte prijedlog oznake ili staru dozvolu<\/li>\n<li>Popunite podatke o svim radio ure\u0111ajima s kojima radite.\u00a0 Serijski broj nije obavezan. Dobitak antenskog sustava je izra\u017een u dBd (decibela u odnosu na dipol) uklju\u010duju\u0107i gubitak koaksijalnog kabela i maksimalno poja\u010danje antene<\/li>\n<li>Ako radite na vi\u0161e lokacije, podatke (koordinate, visina, adresa) dodatnih postaja upi\u0161ete u napomenu.<\/li>\n<li>Ako nemate radio ure\u0111aj, upi\u0161ite u napomenu da nemate radio ure\u0111aje i namjeravate raditi na klupskim radio ure\u0111ajima.<\/li>\n<li>Ne trebate prilagati tehni\u010dku dokumentaciju ako nemate poja\u010dala, tj. ako vam\u00a0 je snaga 100W ili manja.<\/li>\n<\/ul>\n","protected":false},"excerpt":{"rendered":"<p>Hakom je omogu\u0107io izdavanje dozvole preko interneta. Pripremite potvrdu o prijedlogu pozivne oznake koju izdaje Hrvatski radioamaterski savez ili staru dozvolu ako ste ju imali. zemljopisne koordinate svoje postaje (ku\u0107e) u stupnjevima, minutama i sekundama nadmorsku visinu svoje postaje (ku\u0107e) podatke o ure\u0111ajima koje imate (proizvo\u0111a\u010d, tip, snaga, dobitak antenskog sustava, efektivna snaga. dobitak antenskog &hellip; <a href=\"http:\/\/www.rk-nikolatesla.hr\/?page_id=7289\" class=\"more-link\">Nastavi \u010ditati <span class=\"screen-reader-text\">Amaterska dozvola<\/span> <span class=\"meta-nav\">&rarr;<\/span><\/a><\/p>\n","protected":false},"author":1,"featured_media":0,"parent":8,"menu_order":2,"comment_status":"closed","ping_status":"closed","template":"","meta":[],"_links":{"self":[{"href":"http:\/\/www.rk-nikolatesla.hr\/index.php?rest_route=\/wp\/v2\/pages\/7289"}],"collection":[{"href":"http:\/\/www.rk-nikolatesla.hr\/index.php?rest_route=\/wp\/v2\/pages"}],"about":[{"href":"http:\/\/www.rk-nikolatesla.hr\/index.php?rest_route=\/wp\/v2\/types\/page"}],"author":[{"embeddable":true,"href":"http:\/\/www.rk-nikolatesla.hr\/index.php?rest_route=\/wp\/v2\/users\/1"}],"replies":[{"embeddable":true,"href":"http:\/\/www.rk-nikolatesla.hr\/index.php?rest_route=%2Fwp%2Fv2%2Fcomments&post=7289"}],"version-history":[{"count":4,"href":"http:\/\/www.rk-nikolatesla.hr\/index.php?rest_route=\/wp\/v2\/pages\/7289\/revisions"}],"predecessor-version":[{"id":7294,"href":"http:\/\/www.rk-nikolatesla.hr\/index.php?rest_route=\/wp\/v2\/pages\/7289\/revisions\/7294"}],"up":[{"embeddable":true,"href":"http:\/\/www.rk-nikolatesla.hr\/index.php?rest_route=\/wp\/v2\/pages\/8"}],"wp:attachment":[{"href":"http:\/\/www.rk-nikolatesla.hr\/index.php?rest_route=%2Fwp%2Fv2%2Fmedia&parent=7289"}],"curies":[{"name":"wp","href":"https:\/\/api.w.org\/{rel}","templated":true}]}}