{"id":277,"date":"2009-12-09T14:02:52","date_gmt":"2009-12-09T12:02:52","guid":{"rendered":"http:\/\/www.rk-nikolatesla.hr\/?page_id=277"},"modified":"2014-06-25T14:06:49","modified_gmt":"2014-06-25T12:06:49","slug":"redovna-izborna-i-godisnja-skupstina-poziv","status":"publish","type":"page","link":"https:\/\/www.rk-nikolatesla.hr\/?page_id=277","title":{"rendered":"Redovna izborna i godi\u0161nja skup\u0161tina &#8211; poziv"},"content":{"rendered":"<h5>Broj: 14\/2009.<br \/>\nBjelovar, 09.12.2009.<\/h5>\n<h5>Pozivamo Vas na redovnu izbornu i godi\u0161nju skup\u0161tinu radiokluba koja \u0107e se odr\u017eati u nedjelju 20. prosinca 2009. godine u 10 sati u zgradi Gimnazije u Bjelovaru, Matice hrvatske 17.<\/h5>\n<h5>DNEVNI RED SKUP\u0160TINE<\/h5>\n<h5>1. Otvaranje skup\u0161tine i izbor radnih tijela, radnog predsjedni\u0161tva, verifikacijske komisije i ovjerovitelja zapisnika. \u00a0 \u00a0 \u00a0 \u00a0 \u00a0 \u00a0 \u00a0 \u00a0 \u00a0 \u00a0 \u00a0 \u00a0 \u00a0 \u00a0 \u00a0 \u00a0 \u00a0 \u00a0 \u00a0 \u00a0 \u00a0 \u00a0 \u00a0 \u00a0 \u00a0 \u00a0 \u00a0 \u00a0 \u00a0 \u00a0 \u00a0 \u00a0 \u00a0 \u00a0 \u00a0 \u00a0 \u00a0 \u00a0 \u00a0 \u00a0 \u00a0 \u00a0 \u00a0 \u00a0 \u00a0 \u00a0 \u00a0 \u00a0 \u00a0 \u00a0 \u00a0 \u00a0 \u00a0 \u00a0 \u00a0 \u00a0 \u00a0 \u00a0 \u00a0 \u00a0 \u00a0 \u00a0 \u00a0 \u00a0 \u00a0 \u00a0 \u00a02. Podno\u0161enje izvje\u0161taja o radu, zavr\u0161nog ra\u010duna, izvje\u0161taja nadzornog odbora i suda \u010dasti. \u00a0 \u00a0 \u00a0 \u00a0 \u00a0 \u00a0 \u00a0 \u00a0 \u00a0 \u00a0 \u00a0 \u00a0 \u00a0 \u00a0 \u00a0 \u00a0 \u00a0 \u00a0 \u00a0 \u00a0 \u00a0 \u00a0 \u00a0 \u00a0 \u00a0 \u00a0 \u00a0 \u00a0 \u00a0 \u00a0 \u00a0 \u00a0 \u00a0 \u00a0 \u00a0 \u00a0 \u00a0 \u00a0 \u00a0 \u00a03. Rasprava i usvajanje izvje\u0161taja. \u00a0 \u00a0 \u00a0 \u00a0 \u00a0 \u00a0 \u00a0 \u00a0 \u00a0 \u00a0 \u00a0 \u00a0 \u00a0 \u00a0 \u00a0 \u00a0 \u00a0 \u00a0 \u00a0 \u00a0 \u00a0 \u00a0 \u00a0 \u00a0 \u00a0 \u00a0 \u00a0 \u00a0 \u00a0 \u00a0 \u00a0 \u00a0 \u00a0 \u00a0 \u00a0\u00a04. Davanje razrje\u0161nice dosada\u0161njim organima kluba i prijedlog novih. \u00a0 \u00a0 \u00a0 \u00a0 \u00a0 \u00a0 \u00a0 \u00a0 \u00a0 \u00a0 \u00a0 \u00a0 \u00a0 \u00a0 \u00a0 \u00a0 \u00a0 \u00a0 \u00a0 \u00a0 \u00a0 \u00a0 \u00a0 \u00a0 \u00a0 \u00a0 \u00a0 \u00a0 \u00a0 \u00a0 \u00a0 \u00a0 \u00a0 \u00a0 \u00a0 \u00a0 \u00a0 \u00a0 \u00a0 \u00a0 \u00a0 \u00a0 \u00a0 \u00a0 \u00a0 \u00a0 \u00a0 \u00a0 \u00a0 \u00a0 \u00a0 \u00a0 \u00a0 \u00a0 \u00a0 \u00a0 \u00a0 \u00a0 \u00a05. Izbor organa kluba za novo mandatno razdoblje. \u00a0 \u00a0 \u00a0 \u00a0 \u00a0 \u00a0 \u00a0 \u00a0 \u00a0 \u00a0 \u00a0 \u00a0 \u00a0 \u00a06. Prijedlog plana rada i financijskog plana za 2009. godinu. \u00a0 \u00a0 \u00a07. Razno. \u00a0 \u00a0 \u00a0 \u00a0 \u00a0 \u00a0 \u00a0 \u00a0 \u00a0 \u00a0 \u00a0 \u00a0 \u00a0 \u00a0 \u00a0 \u00a0 \u00a0 \u00a0 \u00a0 \u00a0 \u00a0 \u00a0 \u00a0 \u00a0 \u00a0 \u00a0 \u00a0 \u00a0 \u00a0 \u00a0 \u00a0 \u00a0 \u00a0 \u00a0 \u00a0 \u00a0 \u00a0 \u00a0 \u00a0 \u00a0 \u00a0 \u00a0 \u00a0 \u00a0 \u00a0 \u00a0 \u00a0 \u00a0 \u00a0 \u00a0 \u00a0 \u00a0 \u00a0 \u00a0 \u00a0 \u00a0 \u00a0 \u00a0 \u00a0 \u00a0 \u00a0 \u00a0 \u00a0 \u00a0 \u00a0 \u00a0 \u00a0Nakon slu\u017ebenog dijela skup\u0161tine slijedi domjenak.<\/h5>\n<h5>Predsjednik radiokluba<br \/>\nZvonimir \u010camilovi\u0107, 9A2UU<\/h5>\n","protected":false},"excerpt":{"rendered":"<p>Broj: 14\/2009. Bjelovar, 09.12.2009. Pozivamo Vas na redovnu izbornu i godi\u0161nju skup\u0161tinu radiokluba koja \u0107e se odr\u017eati u nedjelju 20. prosinca 2009. godine u 10 sati u zgradi Gimnazije u Bjelovaru, Matice hrvatske 17. DNEVNI RED SKUP\u0160TINE 1. Otvaranje skup\u0161tine i izbor radnih tijela, radnog predsjedni\u0161tva, verifikacijske komisije i ovjerovitelja zapisnika. \u00a0 \u00a0 \u00a0 \u00a0 &hellip; <a href=\"https:\/\/www.rk-nikolatesla.hr\/?page_id=277\" class=\"more-link\">Nastavi \u010ditati <span class=\"screen-reader-text\">Redovna izborna i godi\u0161nja skup\u0161tina &#8211; poziv<\/span> <span class=\"meta-nav\">&rarr;<\/span><\/a><\/p>\n","protected":false},"author":1,"featured_media":0,"parent":37,"menu_order":0,"comment_status":"open","ping_status":"open","template":"","meta":[],"_links":{"self":[{"href":"https:\/\/www.rk-nikolatesla.hr\/index.php?rest_route=\/wp\/v2\/pages\/277"}],"collection":[{"href":"https:\/\/www.rk-nikolatesla.hr\/index.php?rest_route=\/wp\/v2\/pages"}],"about":[{"href":"https:\/\/www.rk-nikolatesla.hr\/index.php?rest_route=\/wp\/v2\/types\/page"}],"author":[{"embeddable":true,"href":"https:\/\/www.rk-nikolatesla.hr\/index.php?rest_route=\/wp\/v2\/users\/1"}],"replies":[{"embeddable":true,"href":"https:\/\/www.rk-nikolatesla.hr\/index.php?rest_route=%2Fwp%2Fv2%2Fcomments&post=277"}],"version-history":[{"count":1,"href":"https:\/\/www.rk-nikolatesla.hr\/index.php?rest_route=\/wp\/v2\/pages\/277\/revisions"}],"predecessor-version":[{"id":278,"href":"https:\/\/www.rk-nikolatesla.hr\/index.php?rest_route=\/wp\/v2\/pages\/277\/revisions\/278"}],"up":[{"embeddable":true,"href":"https:\/\/www.rk-nikolatesla.hr\/index.php?rest_route=\/wp\/v2\/pages\/37"}],"wp:attachment":[{"href":"https:\/\/www.rk-nikolatesla.hr\/index.php?rest_route=%2Fwp%2Fv2%2Fmedia&parent=277"}],"curies":[{"name":"wp","href":"https:\/\/api.w.org\/{rel}","templated":true}]}}