{"id":298,"date":"2011-02-01T15:20:39","date_gmt":"2011-02-01T13:20:39","guid":{"rendered":"http:\/\/www.rk-nikolatesla.hr\/?page_id=298"},"modified":"2014-07-04T12:41:15","modified_gmt":"2014-07-04T10:41:15","slug":"polaganje-ispita-za-a-i-p-razred-2","status":"publish","type":"page","link":"https:\/\/www.rk-nikolatesla.hr\/?page_id=298","title":{"rendered":"Polaganje ispita za A i P razred"},"content":{"rendered":"<p style=\"text-align: justify;\"><a href=\"http:\/\/www.rk-nikolatesla.hr\/wp-content\/uploads\/2014\/06\/polaganje-ispita-2009.jpg\"><img decoding=\"async\" loading=\"lazy\" class=\"alignnone size-medium wp-image-299\" src=\"http:\/\/www.rk-nikolatesla.hr\/wp-content\/uploads\/2014\/06\/polaganje-ispita-2009.jpg\" alt=\"polaganje ispita 2009\" width=\"100\" height=\"99\" \/><\/a><\/p>\n<p style=\"text-align: justify;\">Dana 31.01.2011. godine u prostorijama Gimnazije Bjelovar u Bjelovaru, u organizaciji Radio kluba &#8220;Nikola Tesla&#8221; Bjelovar odr\u017eano je polaganje ispita za A i P razred. \u00a0 \u00a0 \u00a0 \u00a0 \u00a0 \u00a0 \u00a0 \u00a0 \u00a0 \u00a0 \u00a0 \u00a0 \u00a0 \u00a0 \u00a0 \u00a0 \u00a0 \u00a0 \u00a0 \u00a0 \u00a0 \u00a0 \u00a0 \u00a0 \u00a0 \u00a0 \u00a0 \u00a0 \u00a0 \u00a0 \u00a0 \u00a0 \u00a0 \u00a0 \u00a0 \u00a0 \u00a0 \u00a0 \u00a0 \u00a0 \u00a0 \u00a0Ispit je pred Komisijom uspje\u0161no polo\u017eilo 5 kandidata za A razred i 5 kandidata za P razred. \u00a0 \u00a0 \u00a0 \u00a0 \u00a0 \u00a0 \u00a0 \u00a0 \u00a0 \u00a0 \u00a0 \u00a0 \u00a0 \u00a0 \u00a0 \u00a0 \u00a0 \u00a0 \u00a0 \u00a0 \u00a0 \u00a0 \u00a0 \u00a0 \u00a0 \u00a0 \u00a0 \u00a0 \u00a0 \u00a0 \u00a0 \u00a0 \u00a0 \u00a0 \u00a0 \u00a0 \u00a0 \u00a0 \u00a0 \u00a0 \u00a0 \u00a0 \u00a0 \u00a0 \u00a0 \u00a0 \u00a0 \u00a0\u00a0\u00a0 \u010cestitke na polo\u017eenom radioamaterskom ispitu svim kandidatima i dobrodo\u0161lica u klub novim radioamaterima.<\/p>\n<p style=\"text-align: justify;\">Objavio 9A9Y<\/p>\n","protected":false},"excerpt":{"rendered":"<p>Dana 31.01.2011. godine u prostorijama Gimnazije Bjelovar u Bjelovaru, u organizaciji Radio kluba &#8220;Nikola Tesla&#8221; Bjelovar odr\u017eano je polaganje ispita za A i P razred. \u00a0 \u00a0 \u00a0 \u00a0 \u00a0 \u00a0 \u00a0 \u00a0 \u00a0 \u00a0 \u00a0 \u00a0 \u00a0 \u00a0 \u00a0 \u00a0 \u00a0 \u00a0 \u00a0 \u00a0 \u00a0 \u00a0 \u00a0 \u00a0 \u00a0 \u00a0 \u00a0 \u00a0 \u00a0 \u00a0 &hellip; <a href=\"https:\/\/www.rk-nikolatesla.hr\/?page_id=298\" class=\"more-link\">Nastavi \u010ditati <span class=\"screen-reader-text\">Polaganje ispita za A i P razred<\/span> <span class=\"meta-nav\">&rarr;<\/span><\/a><\/p>\n","protected":false},"author":1,"featured_media":0,"parent":41,"menu_order":0,"comment_status":"open","ping_status":"open","template":"","meta":[],"_links":{"self":[{"href":"https:\/\/www.rk-nikolatesla.hr\/index.php?rest_route=\/wp\/v2\/pages\/298"}],"collection":[{"href":"https:\/\/www.rk-nikolatesla.hr\/index.php?rest_route=\/wp\/v2\/pages"}],"about":[{"href":"https:\/\/www.rk-nikolatesla.hr\/index.php?rest_route=\/wp\/v2\/types\/page"}],"author":[{"embeddable":true,"href":"https:\/\/www.rk-nikolatesla.hr\/index.php?rest_route=\/wp\/v2\/users\/1"}],"replies":[{"embeddable":true,"href":"https:\/\/www.rk-nikolatesla.hr\/index.php?rest_route=%2Fwp%2Fv2%2Fcomments&post=298"}],"version-history":[{"count":1,"href":"https:\/\/www.rk-nikolatesla.hr\/index.php?rest_route=\/wp\/v2\/pages\/298\/revisions"}],"predecessor-version":[{"id":300,"href":"https:\/\/www.rk-nikolatesla.hr\/index.php?rest_route=\/wp\/v2\/pages\/298\/revisions\/300"}],"up":[{"embeddable":true,"href":"https:\/\/www.rk-nikolatesla.hr\/index.php?rest_route=\/wp\/v2\/pages\/41"}],"wp:attachment":[{"href":"https:\/\/www.rk-nikolatesla.hr\/index.php?rest_route=%2Fwp%2Fv2%2Fmedia&parent=298"}],"curies":[{"name":"wp","href":"https:\/\/api.w.org\/{rel}","templated":true}]}}