{"id":333,"date":"2011-11-14T12:45:02","date_gmt":"2011-11-14T10:45:02","guid":{"rendered":"http:\/\/www.rk-nikolatesla.hr\/?page_id=333"},"modified":"2014-07-04T12:50:01","modified_gmt":"2014-07-04T10:50:01","slug":"postavljanje-kv-antene-ob16-3","status":"publish","type":"page","link":"https:\/\/www.rk-nikolatesla.hr\/?page_id=333","title":{"rendered":"Postavljanje KV antene OB16-3"},"content":{"rendered":"<p style=\"text-align: justify;\"><a href=\"http:\/\/www.rk-nikolatesla.hr\/wp-content\/uploads\/2014\/07\/antena-kv.jpg\"><img decoding=\"async\" loading=\"lazy\" class=\"alignnone size-full wp-image-334\" src=\"http:\/\/www.rk-nikolatesla.hr\/wp-content\/uploads\/2014\/07\/antena-kv.jpg\" alt=\"antena-kv\" width=\"130\" height=\"98\" \/><\/a><\/p>\n<p style=\"text-align: justify;\">Dana 12.11.2011. godine \u010dlanovi Radio kluba &#8220;Nikola Tesla&#8221; u sastavu: 9A3INA, Ina ,9A9L, Leon, 9A4TT, Branko, 9A4QX, Davor, 9A6NIK, Mile, 9A6NDZ, Zoran, 9A5CNN, Igor, 9A5K, Kre\u0161o, 9A6NIN, Davor i 9A9Y, Mile, zapo\u010deli su pripremne radove na projektu sastavljanja i\u00a0 postavljanja nove KV antene OB16-3, 16 Element 3 Band, za 20 \/ 15 \/ 10 bandove, dobitka 7,1 \/ 7,5 \/ 8,5 dBd, koju je izradio 9A5K, Kre\u0161o.<\/p>\n<p>Zbog veli\u010dine same antene, antenu je bilo nemogu\u0107e dovesti sastavljenu, pa su \u010dlanovi kluba morali to obaviti na licu mjesta tj. na mjestu contest lokacije.<\/p>\n<p>Ubrzo \u0107e ako se poka\u017eu dobre vremenske prilike antena biti postavljena na stup koji ve\u0107 postoji.<br \/>\nSa ovom antenom \u0107e \u010dlanovi Radio kluba &#8220;Nikola Tesla &#8221; Bjelovar mo\u0107i ozbiljno sudijelovati na dr\u017eavnim i me\u0111unarodnim contestima, \u0161to do sada nismo bili u mogu\u0107nosti.<\/p>\n<p>Susretljivo\u0161\u0107u kolege 9A5K, Kre\u0161e, koji je izradio antenu u\u0161te\u0111ena je velika koli\u010dina novca, na \u010demu mu je klub izuzetno zahvalan.<\/p>\n","protected":false},"excerpt":{"rendered":"<p>Dana 12.11.2011. godine \u010dlanovi Radio kluba &#8220;Nikola Tesla&#8221; u sastavu: 9A3INA, Ina ,9A9L, Leon, 9A4TT, Branko, 9A4QX, Davor, 9A6NIK, Mile, 9A6NDZ, Zoran, 9A5CNN, Igor, 9A5K, Kre\u0161o, 9A6NIN, Davor i 9A9Y, Mile, zapo\u010deli su pripremne radove na projektu sastavljanja i\u00a0 postavljanja nove KV antene OB16-3, 16 Element 3 Band, za 20 \/ 15 \/ 10 bandove, &hellip; <a href=\"https:\/\/www.rk-nikolatesla.hr\/?page_id=333\" class=\"more-link\">Nastavi \u010ditati <span class=\"screen-reader-text\">Postavljanje KV antene OB16-3<\/span> <span class=\"meta-nav\">&rarr;<\/span><\/a><\/p>\n","protected":false},"author":1,"featured_media":0,"parent":41,"menu_order":0,"comment_status":"open","ping_status":"open","template":"","meta":[],"_links":{"self":[{"href":"https:\/\/www.rk-nikolatesla.hr\/index.php?rest_route=\/wp\/v2\/pages\/333"}],"collection":[{"href":"https:\/\/www.rk-nikolatesla.hr\/index.php?rest_route=\/wp\/v2\/pages"}],"about":[{"href":"https:\/\/www.rk-nikolatesla.hr\/index.php?rest_route=\/wp\/v2\/types\/page"}],"author":[{"embeddable":true,"href":"https:\/\/www.rk-nikolatesla.hr\/index.php?rest_route=\/wp\/v2\/users\/1"}],"replies":[{"embeddable":true,"href":"https:\/\/www.rk-nikolatesla.hr\/index.php?rest_route=%2Fwp%2Fv2%2Fcomments&post=333"}],"version-history":[{"count":2,"href":"https:\/\/www.rk-nikolatesla.hr\/index.php?rest_route=\/wp\/v2\/pages\/333\/revisions"}],"predecessor-version":[{"id":336,"href":"https:\/\/www.rk-nikolatesla.hr\/index.php?rest_route=\/wp\/v2\/pages\/333\/revisions\/336"}],"up":[{"embeddable":true,"href":"https:\/\/www.rk-nikolatesla.hr\/index.php?rest_route=\/wp\/v2\/pages\/41"}],"wp:attachment":[{"href":"https:\/\/www.rk-nikolatesla.hr\/index.php?rest_route=%2Fwp%2Fv2%2Fmedia&parent=333"}],"curies":[{"name":"wp","href":"https:\/\/api.w.org\/{rel}","templated":true}]}}